{"id":163,"date":"2009-06-20T22:54:11","date_gmt":"2009-06-20T21:54:11","guid":{"rendered":"http:\/\/www.sportremo.com\/?page_id=163"},"modified":"2024-01-09T02:09:33","modified_gmt":"2024-01-09T01:09:33","slug":"recursos","status":"publish","type":"page","link":"https:\/\/www.sportremo.com\/?page_id=163","title":{"rendered":"Recursos"},"content":{"rendered":"<p><!--:PT-->A sec\u00e7\u00e3o de remo disp\u00f5e de um conjunto de recursos associados \u00e0 pr\u00e1tica de remo num ambiente de competi\u00e7\u00e3o, mas com lugar para o Lazer, a divers\u00e3o, etc.<\/p>\n<h2>:: Escola de Remo Fernando Barbedo<\/h2>\n<p>A sec\u00e7\u00e3o de remo do Sport Club do Porto disp\u00f5e de uma classe de inicia\u00e7\u00e3o para todos aqueles que queiram aprender a remar, quer seja com o intuito de, posteriormente, praticar um desporto de competi\u00e7\u00e3o, quer seja para ter a possibilidade de desfrutar de uma pr\u00e1tica desportiva de lazer verdadeiramente fant\u00e1stica, t\u00e3o pr\u00f3xima da natureza, como um passeio no rio.<br \/>\nA escola possui um conjunto diversificado de equipamento para facilitar a aprendizagem, nomeadamente embarca\u00e7\u00f5es apropriadas para o efeito e simuladores do gesto da remada. Dispomos, tamb\u00e9m, embarca\u00e7\u00f5es a motor para acompanhar os nossos novos remadores. Esta escola est\u00e1 aberta ao p\u00fablico de todas as idades.<\/p>\n<h2>:: Sala de Conv\u00edvio<\/h2>\n<p>Esta parte da nossa sec\u00e7\u00e3o \u00e9 o palco principal para os momentos de confraterniza\u00e7\u00e3o de todos aqueles que, de uma forma ou outra, est\u00e3o ligados ao clube. \u00c9 aqui que se realizam frequentes reuni\u00f5es do clube, quer seja da direc\u00e7\u00e3o, quer seja dos atletas com os respectivos treinadores. Mas \u00e9, acima de tudo, um espa\u00e7o de conv\u00edvio utilizado por todos, que ajuda a manter o bom ambiente vivido diariamente na sec\u00e7\u00e3o de Remo do Sport Club do Porto.<\/p>\n<h2>:: Gin\u00e1sio<\/h2>\n<p>E porque o remo n\u00e3o \u00e9 s\u00f3 rio, a nossa sec\u00e7\u00e3o disp\u00f5e tamb\u00e9m de um gin\u00e1sio bem equipado para a melhoria da condi\u00e7\u00e3o f\u00edsica espec\u00edfica. Nele, podemos encontrar diversas m\u00e1quinas de muscula\u00e7\u00e3o onde podem ser exercitados todos os grupos musculares, simuladores do gesto da remada ou erg\u00f3metros. Dispomos, tamb\u00e9m de diversas m\u00e1quinas de fitness. A utiliza\u00e7\u00e3o do nosso gin\u00e1sio est\u00e1 aberta a qualquer pessoa interessada, n\u00e3o tendo necessariamente que praticar Remo.<\/p>\n<h2>:: Cais de Embarque<\/h2>\n<p>A sec\u00e7\u00e3o de remo tem \u00e0 sua disposi\u00e7\u00e3o dois cais para acesso ao rio, que s\u00e3o utilizadas sobretudo pelas nossas embarca\u00e7\u00f5es. Contudo, encontra-se acostada uma outra embarca\u00e7\u00e3o de viagens tur\u00edsticas pelo rio Douro. O nosso cais de embarque pode ser utilizado tamb\u00e9m por embarca\u00e7\u00f5es de recreio que queiram acostar para fazer curtas paragens.<\/p>\n","protected":false},"excerpt":{"rendered":"<p>A sec\u00e7\u00e3o de remo disp\u00f5e de um conjunto de recursos associados \u00e0 pr\u00e1tica de remo num ambiente de competi\u00e7\u00e3o, mas [&hellip;]<\/p>\n","protected":false},"author":1,"featured_media":0,"parent":21,"menu_order":0,"comment_status":"closed","ping_status":"closed","template":"template-full-width.php","meta":{"footnotes":""},"_links":{"self":[{"href":"https:\/\/www.sportremo.com\/index.php?rest_route=\/wp\/v2\/pages\/163"}],"collection":[{"href":"https:\/\/www.sportremo.com\/index.php?rest_route=\/wp\/v2\/pages"}],"about":[{"href":"https:\/\/www.sportremo.com\/index.php?rest_route=\/wp\/v2\/types\/page"}],"author":[{"embeddable":true,"href":"https:\/\/www.sportremo.com\/index.php?rest_route=\/wp\/v2\/users\/1"}],"replies":[{"embeddable":true,"href":"https:\/\/www.sportremo.com\/index.php?rest_route=%2Fwp%2Fv2%2Fcomments&post=163"}],"version-history":[{"count":2,"href":"https:\/\/www.sportremo.com\/index.php?rest_route=\/wp\/v2\/pages\/163\/revisions"}],"predecessor-version":[{"id":2449,"href":"https:\/\/www.sportremo.com\/index.php?rest_route=\/wp\/v2\/pages\/163\/revisions\/2449"}],"up":[{"embeddable":true,"href":"https:\/\/www.sportremo.com\/index.php?rest_route=\/wp\/v2\/pages\/21"}],"wp:attachment":[{"href":"https:\/\/www.sportremo.com\/index.php?rest_route=%2Fwp%2Fv2%2Fmedia&parent=163"}],"curies":[{"name":"wp","href":"https:\/\/api.w.org\/{rel}","templated":true}]}}